{"id":282,"date":"2023-05-15T10:49:38","date_gmt":"2023-05-15T10:49:38","guid":{"rendered":"https:\/\/wyborowefoto.pl\/blog\/?page_id=282"},"modified":"2024-01-19T09:46:33","modified_gmt":"2024-01-19T09:46:33","slug":"naucz-sie-obrabiac-zdjecia","status":"publish","type":"page","link":"https:\/\/wyborowefoto.pl\/blog\/index.php\/naucz-sie-obrabiac-zdjecia\/","title":{"rendered":"Naucz si\u0119 obrabia\u0107 zdj\u0119cia"},"content":{"rendered":"\n<h2 class=\"wp-block-heading\">Obr\u00f3bka zdj\u0119\u0107 widz\u00f3w &#8211; harmonogram LIVE<\/h2>\n\n\n\n<p class=\"has-medium-font-size\">Na transmisjach na \u017cywo omawiam i obrabiam zdj\u0119cia widz\u00f3w. <\/p>\n\n\n\n<p class=\"has-medium-font-size\"><\/p>\n\n\n\n<p class=\"has-medium-font-size\">Szanowni Pa\u0144stwo obr\u00f3bk\u0119 Waszych zdj\u0119\u0107 prowadz\u0119 na swoim <strong><a href=\"https:\/\/www.youtube.com\/@SkrawkiPuszczy\" target=\"_blank\" rel=\"noreferrer noopener\">kanale Skrawki Puszczy &#8211; Grzegorz Rados\u0142aw Maziarski FOTOGRAFIA<\/a><\/strong>.<\/p>\n\n\n\n<p class=\"has-cyan-bluish-gray-color has-text-color has-medium-font-size\"><strong>LIVE odbywa si\u0119 co pi\u0105tek o godzinie 20:00*<\/strong><\/p>\n\n\n\n<h2 class=\"wp-block-heading\">Pomoc w obs\u0142udze wyborowego programu online<\/h2>\n\n\n\n<p class=\"has-medium-font-size\">Ka\u017cdy z widz\u00f3w mo\u017ce zadawa\u0107 pytania na czacie, tak\u017ce odno\u015bnie produkt\u00f3w wyborowefoto.pl dostosowywania zdj\u0119\u0107 do druk\u00f3w itp.<\/p>\n\n\n\n<p class=\"has-medium-font-size\">Je\u017celi masz problem z obs\u0142ug\u0105 naszego <a href=\"https:\/\/wyborowefoto.pl\/index.php?screen=page&amp;id=6\">wyborowego programu online<\/a>, to tak\u017ce z przyjemno\u015bci\u0105 Ci pomog\u0119.<\/p>\n\n\n\n<h2 class=\"wp-block-heading\">Jak przes\u0142a\u0107 zdj\u0119cia do obr\u00f3bki<\/h2>\n\n\n\n<p class=\"has-medium-font-size\">Oczywi\u015bcie ka\u017cdy mo\u017ce przes\u0142a\u0107 zdj\u0119cie do obr\u00f3bki.<\/p>\n\n\n\n<p class=\"has-medium-font-size\">Przes\u0142anie zdj\u0119\u0107 jest bardzo proste. Ca\u0142y proces przesy\u0142ania zdj\u0119\u0107 opisa\u0142em na <strong><a href=\"https:\/\/skrawkipuszczy.pl\/obrobka-waszych-zdjec\/\">blogu Skrawki Puszczy<\/a><\/strong>.<\/p>\n\n\n\n<p class=\"has-medium-font-size\">Ze wzgl\u0119du na spor\u0105 ilo\u015b\u0107 nadsy\u0142anych zdj\u0119\u0107, tak spo\u015br\u00f3d przes\u0142anych zdj\u0119\u0107 wybieram kilka, jakimi si\u0119 zajmuje na danym LIVE.<\/p>\n\n\n\n<p class=\"has-medium-font-size\">Z tego samego powodu prosz\u0119, by przesy\u0142a\u0107 maksymalnie trzy zdj\u0119cia na osob\u0119.<\/p>\n\n\n\n<p><\/p>\n\n\n\n<p class=\"has-text-align-right has-medium-font-size\">Zapraszam Was bardzo gor\u0105co<br>Grzegorz Rados\u0142aw Maziarski<br>w\u0142a\u015bciciel wyborowefoto.pl<\/p>\n\n\n\n<p>* &#8211; godzina mo\u017ce ulec zmianie. Prosz\u0119 na bie\u017c\u0105co \u015bledzi\u0107 na kanale Skrawki Puszczy.<\/p>\n","protected":false},"excerpt":{"rendered":"<p>Obr\u00f3bka zdj\u0119\u0107 widz\u00f3w &#8211; harmonogram LIVE Na transmisjach na \u017cywo omawiam i obrabiam zdj\u0119cia widz\u00f3w. Szanowni Pa\u0144stwo obr\u00f3bk\u0119 Waszych zdj\u0119\u0107 prowadz\u0119 na swoim kanale Skrawki Puszczy &#8211; Grzegorz Rados\u0142aw Maziarski FOTOGRAFIA. LIVE odbywa si\u0119 co pi\u0105tek o godzinie 20:00* Pomoc w obs\u0142udze wyborowego programu online Ka\u017cdy z widz\u00f3w mo\u017ce zadawa\u0107 pytania na czacie, tak\u017ce odno\u015bnie [&hellip;]<\/p>\n","protected":false},"author":1,"featured_media":250,"parent":0,"menu_order":0,"comment_status":"closed","ping_status":"closed","template":"","meta":{"site-container-style":"default","site-container-layout":"default","site-sidebar-layout":"default","disable-article-header":"default","disable-site-header":"default","disable-site-footer":"default","disable-content-area-spacing":"default","footnotes":""},"class_list":["post-282","page","type-page","status-publish","has-post-thumbnail","hentry"],"yoast_head":"<!-- This site is optimized with the Yoast SEO plugin v24.4 - https:\/\/yoast.com\/wordpress\/plugins\/seo\/ -->\n<title>Naucz si\u0119 obrabia\u0107 zdj\u0119cia - Blog o fotografii<\/title>\n<meta name=\"robots\" content=\"index, follow, max-snippet:-1, max-image-preview:large, max-video-preview:-1\" \/>\n<link rel=\"canonical\" href=\"https:\/\/wyborowefoto.pl\/blog\/index.php\/naucz-sie-obrabiac-zdjecia\/\" \/>\n<meta property=\"og:locale\" content=\"pl_PL\" \/>\n<meta property=\"og:type\" content=\"article\" \/>\n<meta property=\"og:title\" content=\"Naucz si\u0119 obrabia\u0107 zdj\u0119cia - Blog o fotografii\" \/>\n<meta property=\"og:description\" content=\"Obr\u00f3bka zdj\u0119\u0107 widz\u00f3w &#8211; harmonogram LIVE Na transmisjach na \u017cywo omawiam i obrabiam zdj\u0119cia widz\u00f3w. Szanowni Pa\u0144stwo obr\u00f3bk\u0119 Waszych zdj\u0119\u0107 prowadz\u0119 na swoim kanale Skrawki Puszczy &#8211; Grzegorz Rados\u0142aw Maziarski FOTOGRAFIA. LIVE odbywa si\u0119 co pi\u0105tek o godzinie 20:00* Pomoc w obs\u0142udze wyborowego programu online Ka\u017cdy z widz\u00f3w mo\u017ce zadawa\u0107 pytania na czacie, tak\u017ce odno\u015bnie [&hellip;]\" \/>\n<meta property=\"og:url\" content=\"https:\/\/wyborowefoto.pl\/blog\/index.php\/naucz-sie-obrabiac-zdjecia\/\" \/>\n<meta property=\"og:site_name\" content=\"Blog o fotografii\" \/>\n<meta property=\"article:publisher\" content=\"https:\/\/www.facebook.com\/WyBoroweFOTO\" \/>\n<meta property=\"article:modified_time\" content=\"2024-01-19T09:46:33+00:00\" \/>\n<meta property=\"og:image\" content=\"https:\/\/wyborowefoto.pl\/blog\/wp-content\/uploads\/2023\/05\/WYBOROWA-OBROBKA-ZDJEC.jpg\" \/>\n\t<meta property=\"og:image:width\" content=\"2560\" \/>\n\t<meta property=\"og:image:height\" content=\"865\" \/>\n\t<meta property=\"og:image:type\" content=\"image\/jpeg\" \/>\n<meta name=\"twitter:card\" content=\"summary_large_image\" \/>\n<meta name=\"twitter:label1\" content=\"Szacowany czas czytania\" \/>\n\t<meta name=\"twitter:data1\" content=\"1 minuta\" \/>\n<script type=\"application\/ld+json\" class=\"yoast-schema-graph\">{\"@context\":\"https:\/\/schema.org\",\"@graph\":[{\"@type\":\"WebPage\",\"@id\":\"https:\/\/wyborowefoto.pl\/blog\/index.php\/naucz-sie-obrabiac-zdjecia\/\",\"url\":\"https:\/\/wyborowefoto.pl\/blog\/index.php\/naucz-sie-obrabiac-zdjecia\/\",\"name\":\"Naucz si\u0119 obrabia\u0107 zdj\u0119cia - Blog o fotografii\",\"isPartOf\":{\"@id\":\"https:\/\/wyborowefoto.pl\/blog\/#website\"},\"primaryImageOfPage\":{\"@id\":\"https:\/\/wyborowefoto.pl\/blog\/index.php\/naucz-sie-obrabiac-zdjecia\/#primaryimage\"},\"image\":{\"@id\":\"https:\/\/wyborowefoto.pl\/blog\/index.php\/naucz-sie-obrabiac-zdjecia\/#primaryimage\"},\"thumbnailUrl\":\"https:\/\/wyborowefoto.pl\/blog\/wp-content\/uploads\/2023\/05\/WYBOROWA-OBROBKA-ZDJEC.jpg\",\"datePublished\":\"2023-05-15T10:49:38+00:00\",\"dateModified\":\"2024-01-19T09:46:33+00:00\",\"breadcrumb\":{\"@id\":\"https:\/\/wyborowefoto.pl\/blog\/index.php\/naucz-sie-obrabiac-zdjecia\/#breadcrumb\"},\"inLanguage\":\"pl-PL\",\"potentialAction\":[{\"@type\":\"ReadAction\",\"target\":[\"https:\/\/wyborowefoto.pl\/blog\/index.php\/naucz-sie-obrabiac-zdjecia\/\"]}]},{\"@type\":\"ImageObject\",\"inLanguage\":\"pl-PL\",\"@id\":\"https:\/\/wyborowefoto.pl\/blog\/index.php\/naucz-sie-obrabiac-zdjecia\/#primaryimage\",\"url\":\"https:\/\/wyborowefoto.pl\/blog\/wp-content\/uploads\/2023\/05\/WYBOROWA-OBROBKA-ZDJEC.jpg\",\"contentUrl\":\"https:\/\/wyborowefoto.pl\/blog\/wp-content\/uploads\/2023\/05\/WYBOROWA-OBROBKA-ZDJEC.jpg\",\"width\":2560,\"height\":865},{\"@type\":\"BreadcrumbList\",\"@id\":\"https:\/\/wyborowefoto.pl\/blog\/index.php\/naucz-sie-obrabiac-zdjecia\/#breadcrumb\",\"itemListElement\":[{\"@type\":\"ListItem\",\"position\":1,\"name\":\"Strona g\u0142\u00f3wna\",\"item\":\"https:\/\/wyborowefoto.pl\/blog\/\"},{\"@type\":\"ListItem\",\"position\":2,\"name\":\"Naucz si\u0119 obrabia\u0107 zdj\u0119cia\"}]},{\"@type\":\"WebSite\",\"@id\":\"https:\/\/wyborowefoto.pl\/blog\/#website\",\"url\":\"https:\/\/wyborowefoto.pl\/blog\/\",\"name\":\"Blog WYBOROWEFOTO\",\"description\":\"Najpi\u0119kniejsza fotografia z wyborowefoto.pl\",\"publisher\":{\"@id\":\"https:\/\/wyborowefoto.pl\/blog\/#organization\"},\"potentialAction\":[{\"@type\":\"SearchAction\",\"target\":{\"@type\":\"EntryPoint\",\"urlTemplate\":\"https:\/\/wyborowefoto.pl\/blog\/?s={search_term_string}\"},\"query-input\":{\"@type\":\"PropertyValueSpecification\",\"valueRequired\":true,\"valueName\":\"search_term_string\"}}],\"inLanguage\":\"pl-PL\"},{\"@type\":\"Organization\",\"@id\":\"https:\/\/wyborowefoto.pl\/blog\/#organization\",\"name\":\"Blog WYBOROWEFOTO\",\"url\":\"https:\/\/wyborowefoto.pl\/blog\/\",\"logo\":{\"@type\":\"ImageObject\",\"inLanguage\":\"pl-PL\",\"@id\":\"https:\/\/wyborowefoto.pl\/blog\/#\/schema\/logo\/image\/\",\"url\":\"https:\/\/wyborowefoto.pl\/blog\/wp-content\/uploads\/2023\/05\/cropped-cropped-LOGO-wyborowefoto-niebieskie-male-przezro.png\",\"contentUrl\":\"https:\/\/wyborowefoto.pl\/blog\/wp-content\/uploads\/2023\/05\/cropped-cropped-LOGO-wyborowefoto-niebieskie-male-przezro.png\",\"width\":200,\"height\":62,\"caption\":\"Blog WYBOROWEFOTO\"},\"image\":{\"@id\":\"https:\/\/wyborowefoto.pl\/blog\/#\/schema\/logo\/image\/\"},\"sameAs\":[\"https:\/\/www.facebook.com\/WyBoroweFOTO\",\"https:\/\/www.instagram.com\/wyborowefoto\/\",\"https:\/\/www.tiktok.com\/@wyborowefoto\",\"https:\/\/www.youtube.com\/channel\/UCykR0kBZ0jzmIKovjmbm21A\"]}]}<\/script>\n<!-- \/ Yoast SEO plugin. -->","yoast_head_json":{"title":"Naucz si\u0119 obrabia\u0107 zdj\u0119cia - Blog o fotografii","robots":{"index":"index","follow":"follow","max-snippet":"max-snippet:-1","max-image-preview":"max-image-preview:large","max-video-preview":"max-video-preview:-1"},"canonical":"https:\/\/wyborowefoto.pl\/blog\/index.php\/naucz-sie-obrabiac-zdjecia\/","og_locale":"pl_PL","og_type":"article","og_title":"Naucz si\u0119 obrabia\u0107 zdj\u0119cia - Blog o fotografii","og_description":"Obr\u00f3bka zdj\u0119\u0107 widz\u00f3w &#8211; harmonogram LIVE Na transmisjach na \u017cywo omawiam i obrabiam zdj\u0119cia widz\u00f3w. Szanowni Pa\u0144stwo obr\u00f3bk\u0119 Waszych zdj\u0119\u0107 prowadz\u0119 na swoim kanale Skrawki Puszczy &#8211; Grzegorz Rados\u0142aw Maziarski FOTOGRAFIA. LIVE odbywa si\u0119 co pi\u0105tek o godzinie 20:00* Pomoc w obs\u0142udze wyborowego programu online Ka\u017cdy z widz\u00f3w mo\u017ce zadawa\u0107 pytania na czacie, tak\u017ce odno\u015bnie [&hellip;]","og_url":"https:\/\/wyborowefoto.pl\/blog\/index.php\/naucz-sie-obrabiac-zdjecia\/","og_site_name":"Blog o fotografii","article_publisher":"https:\/\/www.facebook.com\/WyBoroweFOTO","article_modified_time":"2024-01-19T09:46:33+00:00","og_image":[{"width":2560,"height":865,"url":"https:\/\/wyborowefoto.pl\/blog\/wp-content\/uploads\/2023\/05\/WYBOROWA-OBROBKA-ZDJEC.jpg","type":"image\/jpeg"}],"twitter_card":"summary_large_image","twitter_misc":{"Szacowany czas czytania":"1 minuta"},"schema":{"@context":"https:\/\/schema.org","@graph":[{"@type":"WebPage","@id":"https:\/\/wyborowefoto.pl\/blog\/index.php\/naucz-sie-obrabiac-zdjecia\/","url":"https:\/\/wyborowefoto.pl\/blog\/index.php\/naucz-sie-obrabiac-zdjecia\/","name":"Naucz si\u0119 obrabia\u0107 zdj\u0119cia - Blog o fotografii","isPartOf":{"@id":"https:\/\/wyborowefoto.pl\/blog\/#website"},"primaryImageOfPage":{"@id":"https:\/\/wyborowefoto.pl\/blog\/index.php\/naucz-sie-obrabiac-zdjecia\/#primaryimage"},"image":{"@id":"https:\/\/wyborowefoto.pl\/blog\/index.php\/naucz-sie-obrabiac-zdjecia\/#primaryimage"},"thumbnailUrl":"https:\/\/wyborowefoto.pl\/blog\/wp-content\/uploads\/2023\/05\/WYBOROWA-OBROBKA-ZDJEC.jpg","datePublished":"2023-05-15T10:49:38+00:00","dateModified":"2024-01-19T09:46:33+00:00","breadcrumb":{"@id":"https:\/\/wyborowefoto.pl\/blog\/index.php\/naucz-sie-obrabiac-zdjecia\/#breadcrumb"},"inLanguage":"pl-PL","potentialAction":[{"@type":"ReadAction","target":["https:\/\/wyborowefoto.pl\/blog\/index.php\/naucz-sie-obrabiac-zdjecia\/"]}]},{"@type":"ImageObject","inLanguage":"pl-PL","@id":"https:\/\/wyborowefoto.pl\/blog\/index.php\/naucz-sie-obrabiac-zdjecia\/#primaryimage","url":"https:\/\/wyborowefoto.pl\/blog\/wp-content\/uploads\/2023\/05\/WYBOROWA-OBROBKA-ZDJEC.jpg","contentUrl":"https:\/\/wyborowefoto.pl\/blog\/wp-content\/uploads\/2023\/05\/WYBOROWA-OBROBKA-ZDJEC.jpg","width":2560,"height":865},{"@type":"BreadcrumbList","@id":"https:\/\/wyborowefoto.pl\/blog\/index.php\/naucz-sie-obrabiac-zdjecia\/#breadcrumb","itemListElement":[{"@type":"ListItem","position":1,"name":"Strona g\u0142\u00f3wna","item":"https:\/\/wyborowefoto.pl\/blog\/"},{"@type":"ListItem","position":2,"name":"Naucz si\u0119 obrabia\u0107 zdj\u0119cia"}]},{"@type":"WebSite","@id":"https:\/\/wyborowefoto.pl\/blog\/#website","url":"https:\/\/wyborowefoto.pl\/blog\/","name":"Blog WYBOROWEFOTO","description":"Najpi\u0119kniejsza fotografia z wyborowefoto.pl","publisher":{"@id":"https:\/\/wyborowefoto.pl\/blog\/#organization"},"potentialAction":[{"@type":"SearchAction","target":{"@type":"EntryPoint","urlTemplate":"https:\/\/wyborowefoto.pl\/blog\/?s={search_term_string}"},"query-input":{"@type":"PropertyValueSpecification","valueRequired":true,"valueName":"search_term_string"}}],"inLanguage":"pl-PL"},{"@type":"Organization","@id":"https:\/\/wyborowefoto.pl\/blog\/#organization","name":"Blog WYBOROWEFOTO","url":"https:\/\/wyborowefoto.pl\/blog\/","logo":{"@type":"ImageObject","inLanguage":"pl-PL","@id":"https:\/\/wyborowefoto.pl\/blog\/#\/schema\/logo\/image\/","url":"https:\/\/wyborowefoto.pl\/blog\/wp-content\/uploads\/2023\/05\/cropped-cropped-LOGO-wyborowefoto-niebieskie-male-przezro.png","contentUrl":"https:\/\/wyborowefoto.pl\/blog\/wp-content\/uploads\/2023\/05\/cropped-cropped-LOGO-wyborowefoto-niebieskie-male-przezro.png","width":200,"height":62,"caption":"Blog WYBOROWEFOTO"},"image":{"@id":"https:\/\/wyborowefoto.pl\/blog\/#\/schema\/logo\/image\/"},"sameAs":["https:\/\/www.facebook.com\/WyBoroweFOTO","https:\/\/www.instagram.com\/wyborowefoto\/","https:\/\/www.tiktok.com\/@wyborowefoto","https:\/\/www.youtube.com\/channel\/UCykR0kBZ0jzmIKovjmbm21A"]}]}},"_links":{"self":[{"href":"https:\/\/wyborowefoto.pl\/blog\/index.php\/wp-json\/wp\/v2\/pages\/282","targetHints":{"allow":["GET"]}}],"collection":[{"href":"https:\/\/wyborowefoto.pl\/blog\/index.php\/wp-json\/wp\/v2\/pages"}],"about":[{"href":"https:\/\/wyborowefoto.pl\/blog\/index.php\/wp-json\/wp\/v2\/types\/page"}],"author":[{"embeddable":true,"href":"https:\/\/wyborowefoto.pl\/blog\/index.php\/wp-json\/wp\/v2\/users\/1"}],"replies":[{"embeddable":true,"href":"https:\/\/wyborowefoto.pl\/blog\/index.php\/wp-json\/wp\/v2\/comments?post=282"}],"version-history":[{"count":6,"href":"https:\/\/wyborowefoto.pl\/blog\/index.php\/wp-json\/wp\/v2\/pages\/282\/revisions"}],"predecessor-version":[{"id":363,"href":"https:\/\/wyborowefoto.pl\/blog\/index.php\/wp-json\/wp\/v2\/pages\/282\/revisions\/363"}],"wp:featuredmedia":[{"embeddable":true,"href":"https:\/\/wyborowefoto.pl\/blog\/index.php\/wp-json\/wp\/v2\/media\/250"}],"wp:attachment":[{"href":"https:\/\/wyborowefoto.pl\/blog\/index.php\/wp-json\/wp\/v2\/media?parent=282"}],"curies":[{"name":"wp","href":"https:\/\/api.w.org\/{rel}","templated":true}]}}